{"id":1125,"date":"2018-02-11T20:41:33","date_gmt":"2018-02-11T20:41:33","guid":{"rendered":"http:\/\/fetrib.com\/web\/?page_id=1125"},"modified":"2023-08-31T17:46:26","modified_gmt":"2023-08-31T17:46:26","slug":"tecnics","status":"publish","type":"page","link":"https:\/\/fetrib.com\/web\/tecnics\/","title":{"rendered":"T\u00c8CNICS"},"content":{"rendered":"<table>\n<tbody>\n<tr>\n<td width=\"150\"><strong>T\u00c8CNIC<\/strong><\/td>\n<td width=\"150\"><strong>TEL\u00c8FON<\/strong><\/td>\n<td width=\"150\"><strong>ADRE\u00c7A ELECTR\u00d2NICA<\/strong><\/td>\n<td width=\"250\"><strong>CLUB<\/strong><\/td>\n<td width=\"250\"><strong>WEB<\/strong><\/td>\n<\/tr>\n<tr>\n<td>David Atienza<\/td>\n<td><\/td>\n<td>davidcoach@hotmail.com<\/td>\n<td>DUET-CICLISMOENMALLORCA<\/td>\n<td><\/td>\n<\/tr>\n<tr>\n<td>Josep M Buendia Aragall<\/td>\n<td>627249958<\/td>\n<td>onbiker@hotmail.com<\/td>\n<td>A.E. ENTRENAMIENTOGLOBAL.NET<\/td>\n<td>www.entrenamientoglobal.net<\/td>\n<\/tr>\n<tr>\n<td>Carme Muntaner Artigues<\/td>\n<td><\/td>\n<td><\/td>\n<td>TRIATLO PORTOCOLOM<\/td>\n<td><\/td>\n<\/tr>\n<tr>\n<td>Joan Tauler Riera<\/td>\n<td><\/td>\n<td><\/td>\n<td>TRIATLO PORTOCOLOM<\/td>\n<td><\/td>\n<\/tr>\n<tr>\n<td>Javier Bonet Salv\u00e0<\/td>\n<td><\/td>\n<td><\/td>\n<td>AD IBIZA HALF TRIATHLON<\/td>\n<td>www.javibonet.com<\/td>\n<\/tr>\n<tr>\n<td>Lucas Mola<\/td>\n<td>605429969<\/td>\n<td>lucasmola92@gmail.com<\/td>\n<td>ADA CALVIA<\/td>\n<td><\/td>\n<\/tr>\n<tr>\n<td>Manuel Moure Vazquez<\/td>\n<td>677183824<\/td>\n<td>manuelmoure69@gmail.com<\/td>\n<td><span id=\"contenedorPrincipal_lblResumenEstamentos\" class=\"fnt_negro_14\">SA ROQUETA TRAINING<\/span><\/td>\n<td><\/td>\n<\/tr>\n<tr>\n<td>Ivan Mu\u00f1oz Tebar<\/td>\n<td><\/td>\n<td>\u00a0ivan@mallorcatraining.es<\/td>\n<td><\/td>\n<td><\/td>\n<\/tr>\n<tr>\n<td>Juan Carlos Serra<\/td>\n<td><\/td>\n<td>\u00a0jcso_11@hotmail.com<\/td>\n<td>YES WITH CANCER<\/td>\n<td><\/td>\n<\/tr>\n<tr>\n<td>Antoni Oliver<\/td>\n<td>\u00a0661 59 57 43<\/td>\n<td>\u00a0binitoni93@hotmail.com<\/td>\n<td>FERRER HOTELS Club Deportivo<\/td>\n<\/tr>\n<\/tbody>\n<\/table>\n","protected":false},"excerpt":{"rendered":"<p>T\u00c8CNIC TEL\u00c8FON ADRE\u00c7A ELECTR\u00d2NICA CLUB WEB David Atienza davidcoach@hotmail.com DUET-CICLISMOENMALLORCA Josep M Buendia Aragall 627249958 onbiker@hotmail.com A.E. ENTRENAMIENTOGLOBAL.NET www.entrenamientoglobal.net Carme Muntaner Artigues TRIATLO PORTOCOLOM Joan Tauler Riera TRIATLO PORTOCOLOM Javier Bonet Salv\u00e0 AD IBIZA HALF TRIATHLON www.javibonet.com Lucas Mola 605429969 lucasmola92@gmail.com ADA CALVIA Manuel Moure Vazquez 677183824 manuelmoure69@gmail.com SA ROQUETA TRAINING Ivan Mu\u00f1oz Tebar \u00a0ivan@mallorcatraining.es &#8230;<\/p>\n","protected":false},"author":1,"featured_media":0,"parent":0,"menu_order":0,"comment_status":"closed","ping_status":"closed","template":"","meta":{"_uag_custom_page_level_css":"","footnotes":""},"class_list":["post-1125","page","type-page","status-publish","hentry"],"uagb_featured_image_src":{"full":false,"thumbnail":false,"medium":false,"medium_large":false,"large":false,"1536x1536":false,"2048x2048":false,"tie-small":false,"tie-large":false,"slider":false},"uagb_author_info":{"display_name":"admin","author_link":"https:\/\/fetrib.com\/web\/author\/admin\/"},"uagb_comment_info":0,"uagb_excerpt":"T\u00c8CNIC TEL\u00c8FON ADRE\u00c7A ELECTR\u00d2NICA CLUB WEB David Atienza davidcoach@hotmail.com DUET-CICLISMOENMALLORCA Josep M Buendia Aragall 627249958 onbiker@hotmail.com A.E. ENTRENAMIENTOGLOBAL.NET www.entrenamientoglobal.net Carme Muntaner Artigues TRIATLO PORTOCOLOM Joan Tauler Riera TRIATLO PORTOCOLOM Javier Bonet Salv\u00e0 AD IBIZA HALF TRIATHLON www.javibonet.com Lucas Mola 605429969 lucasmola92@gmail.com ADA CALVIA Manuel Moure Vazquez 677183824 manuelmoure69@gmail.com SA ROQUETA TRAINING Ivan Mu\u00f1oz Tebar \u00a0ivan@mallorcatraining.es&hellip;","_links":{"self":[{"href":"https:\/\/fetrib.com\/web\/wp-json\/wp\/v2\/pages\/1125","targetHints":{"allow":["GET"]}}],"collection":[{"href":"https:\/\/fetrib.com\/web\/wp-json\/wp\/v2\/pages"}],"about":[{"href":"https:\/\/fetrib.com\/web\/wp-json\/wp\/v2\/types\/page"}],"author":[{"embeddable":true,"href":"https:\/\/fetrib.com\/web\/wp-json\/wp\/v2\/users\/1"}],"replies":[{"embeddable":true,"href":"https:\/\/fetrib.com\/web\/wp-json\/wp\/v2\/comments?post=1125"}],"version-history":[{"count":8,"href":"https:\/\/fetrib.com\/web\/wp-json\/wp\/v2\/pages\/1125\/revisions"}],"predecessor-version":[{"id":5476,"href":"https:\/\/fetrib.com\/web\/wp-json\/wp\/v2\/pages\/1125\/revisions\/5476"}],"wp:attachment":[{"href":"https:\/\/fetrib.com\/web\/wp-json\/wp\/v2\/media?parent=1125"}],"curies":[{"name":"wp","href":"https:\/\/api.w.org\/{rel}","templated":true}]}}