{"id":1712,"date":"2018-04-30T10:54:13","date_gmt":"2018-04-30T10:54:13","guid":{"rendered":"http:\/\/fetrib.com\/web\/?page_id=1712"},"modified":"2025-09-23T07:02:32","modified_gmt":"2025-09-23T07:02:32","slug":"segur-accidents","status":"publish","type":"page","link":"https:\/\/fetrib.com\/web\/segur-accidents\/","title":{"rendered":"Assegurances"},"content":{"rendered":"<div class=\"box warning\"><div class=\"box-inner-block\"><i class=\"tieicon-boxicon\"><\/i>\n\t\t\tAqu\u00ed podeu trobar tota la documentaci\u00f3 referent a l&#8217;asseguran\u00e7a d&#8217;accidents i centres d&#8217;assist\u00e8ncia per als federats. Recordau que aquesta asseguran\u00e7a vos cobreix lesions tant en competici\u00f3 com a entrenaments. Per\u00f2 <strong>NO \u00c9S UNA ASSEGURAN\u00c7A DE MALALTIA<\/strong>\n\t\t\t<\/div><\/div>\n<p>La Federaci\u00f3 Balear de Triatl\u00f3, contracta amb l&#8217;alta de la llic\u00e8ncia, una asseguran\u00e7a d&#8217;accidents. S&#8217;ent\u00e9n per accident la lesi\u00f3 corporal que deriva d&#8217;una causa violenta, externa i aliena a la intencionalitat de l&#8217;assegurat, sobrevinguda pel fet de la pr\u00e0ctica esportiva.<\/p>\n<p>La asseguradora cobreix els accidents que es puguin produir per la pr\u00e0ctica esportiva del Triatl\u00f3. Al final d&#8217;aquesta p\u00e0gina podr\u00e0s trobar la p\u00f2lissa d&#8217;accidents.<\/p>\n\n\t<script type=\"text\/javascript\">\tjQuery(document).ready(function($){\tjQuery(\"ul.tabs-nav\").tabs(\"> .pane\"); }); <\/script>\n\n\t\t<div class=\"post-tabs-ver\">\n\t\t\n<ul class=\"tabs-nav\">\n<li>1\u00ba<\/li>\n<li>2\u00ba<\/li>\n<li>3\u00ba<\/li>\n<\/ul>\n\n\t\t<div class=\"pane\">\n\t\t\u00c9s obligatori seguir el protocol d&#8217;assist\u00e8ncia.<\/p>\n<p>Acudir sempre als centres concertats.<\/p>\n<p>Nom\u00e9s en casos d&#8217;extrema gravetat es podr\u00e0 acudir a centres no concertats<\/p>\n\n\t\t<\/div>\n\t\n\n\t\t<div class=\"pane\">\n\t\tLa persona responsable del club ser\u00e0 l&#8217;encarregada de gestionar l&#8217;acident a trav\u00e9s del tlf. 900 404 444, indicant :<\/p>\n<p>dia, hora i lloc de l&#8217;accident.<\/p>\n<p>Causes de l&#8217;accident<\/p>\n<p>Conseq\u00fc\u00e8ncies de l&#8217;accident.<\/p>\n<p>L&#8217;accident ha de ser comunicat amb un<strong> pla\u00e7 m\u00e0xim de 7 dies. <\/strong><\/p>\n\n\t\t<\/div>\n\t\n\n\t\t<div class=\"pane\">\n\t\tTan aviat com sigui possible vos enviarem un parte d&#8217;accidents per entregar a l&#8217;hospital, o l&#8217;enviarem directament all\u00e0.<\/p>\n<p>En el cas de no complir amb les condicions de l&#8217;asseguran\u00e7a no s&#8217;enviar\u00e0 el parte d&#8217;accidents.\n\t\t<\/div>\n\t \n\t\t<\/div>\n\t\n<p><a href=\"http:\/\/fetrib.com\/web\/wp-content\/uploads\/2023\/02\/RC-General-2023-2024-Hiscox.pdf\">Polissa RC<\/a><\/p>\n<p><a href=\"https:\/\/fetrib.com\/web\/wp-content\/uploads\/2025\/09\/01-ACCIDENTS-2025-ALLIANZ-FETRIB.pdf\" data-wplink-edit=\"true\">P\u00f2lissa Accidents 2025<\/a><\/p>\n<p><a href=\"https:\/\/fetrib.com\/web\/wp-content\/uploads\/2024\/05\/PROTOCOLO-DE-ACTUACION-EN-CASO-DE-ACCIDENTES-ALLIANZ_.pdf\">Protocol d&#8217;assist\u00e8ncia<\/a><\/p>\n<p>Centres concertats<\/p>\n<p><a href=\"https:\/\/fetrib.com\/web\/wp-content\/uploads\/2024\/05\/IMG-20240517-WA0000.jpg\"><img loading=\"lazy\" decoding=\"async\" class=\"alignleft size-medium wp-image-5770\" src=\"https:\/\/fetrib.com\/web\/wp-content\/uploads\/2024\/05\/IMG-20240517-WA0000-300x201.jpg\" alt=\"\" width=\"300\" height=\"201\" srcset=\"https:\/\/fetrib.com\/web\/wp-content\/uploads\/2024\/05\/IMG-20240517-WA0000-300x201.jpg 300w, https:\/\/fetrib.com\/web\/wp-content\/uploads\/2024\/05\/IMG-20240517-WA0000-1024x686.jpg 1024w, https:\/\/fetrib.com\/web\/wp-content\/uploads\/2024\/05\/IMG-20240517-WA0000-768x515.jpg 768w, https:\/\/fetrib.com\/web\/wp-content\/uploads\/2024\/05\/IMG-20240517-WA0000-1536x1029.jpg 1536w, https:\/\/fetrib.com\/web\/wp-content\/uploads\/2024\/05\/IMG-20240517-WA0000.jpg 1600w\" sizes=\"auto, (max-width: 300px) 100vw, 300px\" \/><\/a><\/p>\n\n\n<div class=\"wp-block-uagb-container uagb-block-8e4930fe alignfull uagb-is-root-container\"><div class=\"uagb-container-inner-blocks-wrap\"><\/div><\/div>\n","protected":false},"excerpt":{"rendered":"<p>La Federaci\u00f3 Balear de Triatl\u00f3, contracta amb l&#8217;alta de la llic\u00e8ncia, una asseguran\u00e7a d&#8217;accidents. S&#8217;ent\u00e9n per accident la lesi\u00f3 corporal que deriva d&#8217;una causa violenta, externa i aliena a la intencionalitat de l&#8217;assegurat, sobrevinguda pel fet de la pr\u00e0ctica esportiva. La asseguradora cobreix els accidents que es puguin produir per la pr\u00e0ctica esportiva del Triatl\u00f3. &#8230;<\/p>\n","protected":false},"author":1,"featured_media":0,"parent":0,"menu_order":0,"comment_status":"closed","ping_status":"closed","template":"","meta":{"_uag_custom_page_level_css":"","footnotes":""},"class_list":["post-1712","page","type-page","status-publish","hentry"],"uagb_featured_image_src":{"full":false,"thumbnail":false,"medium":false,"medium_large":false,"large":false,"1536x1536":false,"2048x2048":false,"tie-small":false,"tie-large":false,"slider":false},"uagb_author_info":{"display_name":"admin","author_link":"https:\/\/fetrib.com\/web\/author\/admin\/"},"uagb_comment_info":0,"uagb_excerpt":"La Federaci\u00f3 Balear de Triatl\u00f3, contracta amb l&#8217;alta de la llic\u00e8ncia, una asseguran\u00e7a d&#8217;accidents. S&#8217;ent\u00e9n per accident la lesi\u00f3 corporal que deriva d&#8217;una causa violenta, externa i aliena a la intencionalitat de l&#8217;assegurat, sobrevinguda pel fet de la pr\u00e0ctica esportiva. La asseguradora cobreix els accidents que es puguin produir per la pr\u00e0ctica esportiva del Triatl\u00f3.&hellip;","_links":{"self":[{"href":"https:\/\/fetrib.com\/web\/wp-json\/wp\/v2\/pages\/1712","targetHints":{"allow":["GET"]}}],"collection":[{"href":"https:\/\/fetrib.com\/web\/wp-json\/wp\/v2\/pages"}],"about":[{"href":"https:\/\/fetrib.com\/web\/wp-json\/wp\/v2\/types\/page"}],"author":[{"embeddable":true,"href":"https:\/\/fetrib.com\/web\/wp-json\/wp\/v2\/users\/1"}],"replies":[{"embeddable":true,"href":"https:\/\/fetrib.com\/web\/wp-json\/wp\/v2\/comments?post=1712"}],"version-history":[{"count":36,"href":"https:\/\/fetrib.com\/web\/wp-json\/wp\/v2\/pages\/1712\/revisions"}],"predecessor-version":[{"id":6375,"href":"https:\/\/fetrib.com\/web\/wp-json\/wp\/v2\/pages\/1712\/revisions\/6375"}],"wp:attachment":[{"href":"https:\/\/fetrib.com\/web\/wp-json\/wp\/v2\/media?parent=1712"}],"curies":[{"name":"wp","href":"https:\/\/api.w.org\/{rel}","templated":true}]}}

<div class="box warning"><div class="box-inner-block"><i class="tieicon-boxicon"></i>
			Aquí podeu trobar tota la documentació referent a l&#8217;assegurança d&#8217;accidents i centres d&#8217;assistència per als federats. Recordau que aquesta assegurança vos cobreix lesions tant en competició com a entrenaments. Però <strong>NO ÉS UNA ASSEGURANÇA DE MALALTIA</strong>
			</div></div>
<p>La Federació Balear de Triatló, contracta amb l&#8217;alta de la llicència, una assegurança d&#8217;accidents. S&#8217;entén per accident la lesió corporal que deriva d&#8217;una causa violenta, externa i aliena a la intencionalitat de l&#8217;assegurat, sobrevinguda pel fet de la pràctica esportiva.</p>
<p>La asseguradora cobreix els accidents que es puguin produir per la pràctica esportiva del Triatló. Al final d&#8217;aquesta pàgina podràs trobar la pòlissa d&#8217;accidents.</p>

	<script type="text/javascript">	jQuery(document).ready(function($){	jQuery("ul.tabs-nav").tabs("> .pane"); }); </script>

		<div class="post-tabs-ver">
		
<ul class="tabs-nav">
<li>1º</li>
<li>2º</li>
<li>3º</li>
</ul>

		<div class="pane">
		És obligatori seguir el protocol d&#8217;assistència.</p>
<p>Acudir sempre als centres concertats.</p>
<p>Només en casos d&#8217;extrema gravetat es podrà acudir a centres no concertats</p>

		</div>
	

		<div class="pane">
		La persona responsable del club serà l&#8217;encarregada de gestionar l&#8217;acident a través del tlf. 900 404 444, indicant :</p>
<p>dia, hora i lloc de l&#8217;accident.</p>
<p>Causes de l&#8217;accident</p>
<p>Conseqüències de l&#8217;accident.</p>
<p>L&#8217;accident ha de ser comunicat amb un<strong> plaç màxim de 7 dies. </strong></p>

		</div>
	

		<div class="pane">
		Tan aviat com sigui possible vos enviarem un parte d&#8217;accidents per entregar a l&#8217;hospital, o l&#8217;enviarem directament allà.</p>
<p>En el cas de no complir amb les condicions de l&#8217;assegurança no s&#8217;enviarà el parte d&#8217;accidents.
		</div>
	 
		</div>
	
<p><a href="http://fetrib.com/web/wp-content/uploads/2023/02/RC-General-2023-2024-Hiscox.pdf">Polissa RC</a></p>
<p><a href="https://fetrib.com/web/wp-content/uploads/2025/09/01-ACCIDENTS-2025-ALLIANZ-FETRIB.pdf" data-wplink-edit="true">Pòlissa Accidents 2025</a></p>
<p><a href="https://fetrib.com/web/wp-content/uploads/2024/05/PROTOCOLO-DE-ACTUACION-EN-CASO-DE-ACCIDENTES-ALLIANZ_.pdf">Protocol d&#8217;assistència</a></p>
<p>Centres concertats</p>
<p><a href="https://fetrib.com/web/wp-content/uploads/2024/05/IMG-20240517-WA0000.jpg"><img loading="lazy" decoding="async" class="alignleft size-medium wp-image-5770" src="https://fetrib.com/web/wp-content/uploads/2024/05/IMG-20240517-WA0000-300x201.jpg" alt="" width="300" height="201" srcset="https://fetrib.com/web/wp-content/uploads/2024/05/IMG-20240517-WA0000-300x201.jpg 300w, https://fetrib.com/web/wp-content/uploads/2024/05/IMG-20240517-WA0000-1024x686.jpg 1024w, https://fetrib.com/web/wp-content/uploads/2024/05/IMG-20240517-WA0000-768x515.jpg 768w, https://fetrib.com/web/wp-content/uploads/2024/05/IMG-20240517-WA0000-1536x1029.jpg 1536w, https://fetrib.com/web/wp-content/uploads/2024/05/IMG-20240517-WA0000.jpg 1600w" sizes="auto, (max-width: 300px) 100vw, 300px" /></a></p>


<div class="wp-block-uagb-container uagb-block-8e4930fe alignfull uagb-is-root-container"><div class="uagb-container-inner-blocks-wrap"></div></div>

<p>La Federació Balear de Triatló, contracta amb l&#8217;alta de la llicència, una assegurança d&#8217;accidents. S&#8217;entén per accident la lesió corporal que deriva d&#8217;una causa violenta, externa i aliena a la intencionalitat de l&#8217;assegurat, sobrevinguda pel fet de la pràctica esportiva. La asseguradora cobreix els accidents que es puguin produir per la pràctica esportiva del Triatló. &#8230;</p>

La Federació Balear de Triatló, contracta amb l&#8217;alta de la llicència, una assegurança d&#8217;accidents. S&#8217;entén per accident la lesió corporal que deriva d&#8217;una causa violenta, externa i aliena a la intencionalitat de l&#8217;assegurat, sobrevinguda pel fet de la pràctica esportiva. La asseguradora cobreix els accidents que es puguin produir per la pràctica esportiva del Triatló.&hellip;
