{"id":2037,"date":"2018-05-23T10:05:14","date_gmt":"2018-05-23T10:05:14","guid":{"rendered":"http:\/\/fetrib.com\/web\/?page_id=2037"},"modified":"2019-02-18T10:06:17","modified_gmt":"2019-02-18T10:06:17","slug":"deplacament-entre-illes","status":"publish","type":"page","link":"https:\/\/fetrib.com\/web\/deplacament-entre-illes\/","title":{"rendered":"Depla\u00e7ament entre illes"},"content":{"rendered":"<p>El Govern de les Illes Balears ha publicat la convocat\u00f2ria d&#8217;ajuts per a despla\u00e7aments entre les illes de la comunitat aut\u00f2noma per assistir a proves esportives<\/p>\n<p>Podreu trobar la informaci\u00f3 als seg\u00fcents enlla\u00e7os.<\/p>\n<p><a href=\"https:\/\/www.caib.es\/seucaib\/ca\/200\/persones\/tramites\/tramite\/3663987\">https:\/\/www.caib.es\/seucaib\/ca\/200\/persones\/tramites\/tramite\/3663987<\/a><\/p>\n","protected":false},"excerpt":{"rendered":"<p>El Govern de les Illes Balears ha publicat la convocat\u00f2ria d&#8217;ajuts per a despla\u00e7aments entre les illes de la comunitat aut\u00f2noma per assistir a proves esportives Podreu trobar la informaci\u00f3 als seg\u00fcents enlla\u00e7os. https:\/\/www.caib.es\/seucaib\/ca\/200\/persones\/tramites\/tramite\/3663987<\/p>\n","protected":false},"author":1,"featured_media":0,"parent":0,"menu_order":0,"comment_status":"closed","ping_status":"closed","template":"","meta":{"_uag_custom_page_level_css":"","footnotes":""},"class_list":["post-2037","page","type-page","status-publish","hentry"],"uagb_featured_image_src":{"full":false,"thumbnail":false,"medium":false,"medium_large":false,"large":false,"1536x1536":false,"2048x2048":false,"tie-small":false,"tie-large":false,"slider":false},"uagb_author_info":{"display_name":"admin","author_link":"https:\/\/fetrib.com\/web\/author\/admin\/"},"uagb_comment_info":0,"uagb_excerpt":"El Govern de les Illes Balears ha publicat la convocat\u00f2ria d&#8217;ajuts per a despla\u00e7aments entre les illes de la comunitat aut\u00f2noma per assistir a proves esportives Podreu trobar la informaci\u00f3 als seg\u00fcents enlla\u00e7os. https:\/\/www.caib.es\/seucaib\/ca\/200\/persones\/tramites\/tramite\/3663987","_links":{"self":[{"href":"https:\/\/fetrib.com\/web\/wp-json\/wp\/v2\/pages\/2037","targetHints":{"allow":["GET"]}}],"collection":[{"href":"https:\/\/fetrib.com\/web\/wp-json\/wp\/v2\/pages"}],"about":[{"href":"https:\/\/fetrib.com\/web\/wp-json\/wp\/v2\/types\/page"}],"author":[{"embeddable":true,"href":"https:\/\/fetrib.com\/web\/wp-json\/wp\/v2\/users\/1"}],"replies":[{"embeddable":true,"href":"https:\/\/fetrib.com\/web\/wp-json\/wp\/v2\/comments?post=2037"}],"version-history":[{"count":3,"href":"https:\/\/fetrib.com\/web\/wp-json\/wp\/v2\/pages\/2037\/revisions"}],"predecessor-version":[{"id":2512,"href":"https:\/\/fetrib.com\/web\/wp-json\/wp\/v2\/pages\/2037\/revisions\/2512"}],"wp:attachment":[{"href":"https:\/\/fetrib.com\/web\/wp-json\/wp\/v2\/media?parent=2037"}],"curies":[{"name":"wp","href":"https:\/\/api.w.org\/{rel}","templated":true}]}}

Deplaçament entre illes

<p>El Govern de les Illes Balears ha publicat la convocatòria d&#8217;ajuts per a desplaçaments entre les illes de la comunitat autònoma per assistir a proves esportives</p>
<p>Podreu trobar la informació als següents enllaços.</p>
<p><a href="https://www.caib.es/seucaib/ca/200/persones/tramites/tramite/3663987">https://www.caib.es/seucaib/ca/200/persones/tramites/tramite/3663987</a></p>

<p>El Govern de les Illes Balears ha publicat la convocatòria d&#8217;ajuts per a desplaçaments entre les illes de la comunitat autònoma per assistir a proves esportives Podreu trobar la informació als següents enllaços. https://www.caib.es/seucaib/ca/200/persones/tramites/tramite/3663987</p>

El Govern de les Illes Balears ha publicat la convocatòria d&#8217;ajuts per a desplaçaments entre les illes de la comunitat autònoma per assistir a proves esportives Podreu trobar la informació als següents enllaços. https://www.caib.es/seucaib/ca/200/persones/tramites/tramite/3663987
