{"id":5497,"date":"2023-12-08T09:37:15","date_gmt":"2023-12-08T09:37:15","guid":{"rendered":"http:\/\/fetrib.com\/web\/?page_id=5497"},"modified":"2026-01-08T20:24:51","modified_gmt":"2026-01-08T20:24:51","slug":"campionats-de-balears-2024","status":"publish","type":"page","link":"https:\/\/fetrib.com\/web\/campionats-de-balears-2024\/","title":{"rendered":"Campionats de Balears 2026"},"content":{"rendered":"\n<p class=\"has-medium-font-size\"><strong>Duatl\u00f3 Sprint i Supersprint<\/strong><\/p>\n\n\n\n<p>8 de mar\u00e7, Sineu<\/p>\n\n\n\n<p class=\"has-small-font-size\">Atorga places per ct d&#8217;Espanya<\/p>\n\n\n\n<p class=\"has-medium-font-size\"><strong>Triatl\u00f3 Sprint i Supersprint<\/strong><\/p>\n\n\n\n<p>17 de maig, Sa R\u00e0pita<\/p>\n\n\n\n<p class=\"has-small-font-size\">Atorga places per ct d&#8217;Espanya<\/p>\n\n\n\n<p class=\"has-medium-font-size\"><strong>Aquatl\u00f3<\/strong><\/p>\n\n\n\n<p>Pendent, Eivissa<\/p>\n\n\n\n<p class=\"has-medium-font-size\"><strong>Triatl\u00f3 Ol\u00edmpic<\/strong><\/p>\n\n\n\n<p>23 de maig, Colonia de Sant Jordi<\/p>\n\n\n\n<p class=\"has-medium-font-size\"><strong>Triatl\u00f3 MD<\/strong><\/p>\n\n\n\n<p>27 de setembre, Fornells<\/p>\n\n\n\n<p><\/p>\n","protected":false},"excerpt":{"rendered":"<p>Duatl\u00f3 Sprint i Supersprint 8 de mar\u00e7, Sineu Atorga places per ct d&#8217;Espanya Triatl\u00f3 Sprint i Supersprint 17 de maig, Sa R\u00e0pita Atorga places per ct d&#8217;Espanya Aquatl\u00f3 Pendent, Eivissa Triatl\u00f3 Ol\u00edmpic 23 de maig, Colonia de Sant Jordi Triatl\u00f3 MD 27 de setembre, Fornells<\/p>\n","protected":false},"author":1,"featured_media":0,"parent":0,"menu_order":0,"comment_status":"closed","ping_status":"closed","template":"","meta":{"_uag_custom_page_level_css":"","footnotes":""},"class_list":["post-5497","page","type-page","status-publish","hentry"],"uagb_featured_image_src":{"full":false,"thumbnail":false,"medium":false,"medium_large":false,"large":false,"1536x1536":false,"2048x2048":false,"tie-small":false,"tie-large":false,"slider":false},"uagb_author_info":{"display_name":"admin","author_link":"https:\/\/fetrib.com\/web\/author\/admin\/"},"uagb_comment_info":0,"uagb_excerpt":"Duatl\u00f3 Sprint i Supersprint 8 de mar\u00e7, Sineu Atorga places per ct d&#8217;Espanya Triatl\u00f3 Sprint i Supersprint 17 de maig, Sa R\u00e0pita Atorga places per ct d&#8217;Espanya Aquatl\u00f3 Pendent, Eivissa Triatl\u00f3 Ol\u00edmpic 23 de maig, Colonia de Sant Jordi Triatl\u00f3 MD 27 de setembre, Fornells","_links":{"self":[{"href":"https:\/\/fetrib.com\/web\/wp-json\/wp\/v2\/pages\/5497","targetHints":{"allow":["GET"]}}],"collection":[{"href":"https:\/\/fetrib.com\/web\/wp-json\/wp\/v2\/pages"}],"about":[{"href":"https:\/\/fetrib.com\/web\/wp-json\/wp\/v2\/types\/page"}],"author":[{"embeddable":true,"href":"https:\/\/fetrib.com\/web\/wp-json\/wp\/v2\/users\/1"}],"replies":[{"embeddable":true,"href":"https:\/\/fetrib.com\/web\/wp-json\/wp\/v2\/comments?post=5497"}],"version-history":[{"count":3,"href":"https:\/\/fetrib.com\/web\/wp-json\/wp\/v2\/pages\/5497\/revisions"}],"predecessor-version":[{"id":6403,"href":"https:\/\/fetrib.com\/web\/wp-json\/wp\/v2\/pages\/5497\/revisions\/6403"}],"wp:attachment":[{"href":"https:\/\/fetrib.com\/web\/wp-json\/wp\/v2\/media?parent=5497"}],"curies":[{"name":"wp","href":"https:\/\/api.w.org\/{rel}","templated":true}]}}

<p class="has-medium-font-size"><strong>Duatló Sprint i Supersprint</strong></p>



<p>8 de març, Sineu</p>



<p class="has-small-font-size">Atorga places per ct d&#8217;Espanya</p>



<p class="has-medium-font-size"><strong>Triatló Sprint i Supersprint</strong></p>



<p>17 de maig, Sa Ràpita</p>



<p class="has-small-font-size">Atorga places per ct d&#8217;Espanya</p>



<p class="has-medium-font-size"><strong>Aquatló</strong></p>



<p>Pendent, Eivissa</p>



<p class="has-medium-font-size"><strong>Triatló Olímpic</strong></p>



<p>23 de maig, Colonia de Sant Jordi</p>



<p class="has-medium-font-size"><strong>Triatló MD</strong></p>



<p>27 de setembre, Fornells</p>



<p></p>

<p>Duatló Sprint i Supersprint 8 de març, Sineu Atorga places per ct d&#8217;Espanya Triatló Sprint i Supersprint 17 de maig, Sa Ràpita Atorga places per ct d&#8217;Espanya Aquatló Pendent, Eivissa Triatló Olímpic 23 de maig, Colonia de Sant Jordi Triatló MD 27 de setembre, Fornells</p>

Duatló Sprint i Supersprint 8 de març, Sineu Atorga places per ct d&#8217;Espanya Triatló Sprint i Supersprint 17 de maig, Sa Ràpita Atorga places per ct d&#8217;Espanya Aquatló Pendent, Eivissa Triatló Olímpic 23 de maig, Colonia de Sant Jordi Triatló MD 27 de setembre, Fornells
