{"id":5860,"date":"2024-10-28T12:46:56","date_gmt":"2024-10-28T12:46:56","guid":{"rendered":"https:\/\/fetrib.com\/web\/?page_id=5860"},"modified":"2025-02-28T20:05:42","modified_gmt":"2025-02-28T20:05:42","slug":"eleccions-24-28","status":"publish","type":"page","link":"https:\/\/fetrib.com\/web\/eleccions-24-28\/","title":{"rendered":"Eleccions 24-28"},"content":{"rendered":"\n<p>Documentaci\u00f3 relativa al proc\u00e9s electoral 2024-2028 per a la Federaci\u00f3 de Triatl\u00f3 de les Illes Balears:<\/p>\n\n\n\n<ul class=\"wp-block-list\">\n<li>\n<ul class=\"wp-block-list\">\n<li><a href=\"https:\/\/fetrib.com\/web\/wp-content\/uploads\/2024\/10\/Reglament-electoral.pdf\">Reglament electoral<\/a><\/li>\n\n\n\n<li><a href=\"https:\/\/fetrib.com\/web\/wp-content\/uploads\/2024\/10\/Quadre-de-caracteristiques.pdf\">Quadre de caracter\u00edstiques<\/a><\/li>\n\n\n\n<li><a href=\"https:\/\/fetrib.com\/web\/wp-content\/uploads\/2024\/10\/Calendari-electoral.pdf\">Calendari electoral<\/a><\/li>\n\n\n\n<li><a href=\"https:\/\/fetrib.com\/web\/wp-content\/uploads\/2024\/10\/01.-Junta-Electoral-Constitucio.pdf\">Acta constituci\u00f3 junta electoral<\/a><\/li>\n<\/ul>\n<\/li>\n<\/ul>\n\n\n\n<p>27-12-2024<\/p>\n\n\n\n<ul class=\"wp-block-list\">\n<li><a href=\"https:\/\/fetrib.com\/web\/wp-content\/uploads\/2024\/12\/02.-Convocatoria-Assemblea.pdf\">Convocat\u00f2ria Assemblea General<\/a><\/li>\n<\/ul>\n\n\n\n<p>CENSOS<\/p>\n\n\n\n<ul class=\"wp-block-list\">\n<li><a href=\"https:\/\/fetrib.com\/web\/wp-content\/uploads\/2024\/11\/Cens-Clubs-Mallorca.pdf\">Clubs Mallorca<\/a><\/li>\n\n\n\n<li><a href=\"https:\/\/fetrib.com\/web\/wp-content\/uploads\/2024\/11\/CENS-CLUBS-MENORCA.pdf\">Clubs Menorca<\/a><\/li>\n\n\n\n<li><a href=\"https:\/\/fetrib.com\/web\/wp-content\/uploads\/2024\/11\/CENS-CLUBS-EIVISSA.pdf\">Clubs Eivissa<\/a><\/li>\n\n\n\n<li><a href=\"https:\/\/fetrib.com\/web\/wp-content\/uploads\/2024\/11\/CENS-TECNICS-MALLORCA-sense-DNI.pdf\">T\u00e8cnics Mallorca<\/a><\/li>\n\n\n\n<li><a href=\"https:\/\/fetrib.com\/web\/wp-content\/uploads\/2024\/11\/CENS-TECNICS-EIVISSA-sense-DNI.pdf\">T\u00e8cnics Eivissa<\/a><\/li>\n\n\n\n<li><a href=\"https:\/\/fetrib.com\/web\/wp-content\/uploads\/2024\/11\/CENS-OFICIALS-MALLORCA.pdf\">Oficials Mallorca<\/a><\/li>\n\n\n\n<li><a href=\"https:\/\/fetrib.com\/web\/wp-content\/uploads\/2024\/11\/CENS-ESPORTISTES-MALLORCA-sense-DNI.pdf\">Esportistes Mallorca<\/a><\/li>\n\n\n\n<li><a href=\"https:\/\/fetrib.com\/web\/wp-content\/uploads\/2024\/11\/CENS-ESPORTISTES-EIVISSA-sense-DNI.pdf\">Esportistes Eivissa<\/a><\/li>\n<\/ul>\n\n\n\n<p>AVALS<\/p>\n\n\n\n<ul class=\"wp-block-list\">\n<li><a href=\"https:\/\/fetrib.com\/web\/wp-content\/uploads\/2024\/12\/M.-aval-CLUBS.pdf\">Model avals CLUBS<\/a><\/li>\n\n\n\n<li><a href=\"https:\/\/fetrib.com\/web\/wp-content\/uploads\/2024\/12\/M.-aval-ESPORTISTATECNICOFICIAL.pdf\">Model avals ESPORTISTA\/TECNIC\/OFICIAL<\/a><\/li>\n<\/ul>\n\n\n\n<p>s&#8217;han d&#8217;enviar els avals a juntaelectoral@fetrib.com, data m\u00e0xima 10\/01\/2025<\/p>\n\n\n\n<p>15\/01\/2025<\/p>\n\n\n\n<ul class=\"wp-block-list\">\n<li><a href=\"https:\/\/fetrib.com\/web\/wp-content\/uploads\/2025\/01\/03.-Junta-Electoral-Publicacio-Avals-Provisional.pdf\">Candidats provissionals a Assembleistes<\/a><\/li>\n<\/ul>\n\n\n\n<p>Es pot presentar recurs davant el TEIB en els 3 dies h\u00e0bils seg\u00fcents a aquesta publicaci\u00f3<\/p>\n\n\n\n<p>03\/02\/2025<\/p>\n\n\n\n<ul class=\"wp-block-list\">\n<li><a href=\"https:\/\/fetrib.com\/web\/wp-content\/uploads\/2025\/02\/ACTA-DE-LA-JUNTA-20250127.pdf\">Acta de modificaci\u00f3 del calendari electoral<\/a><\/li>\n\n\n\n<li><a href=\"https:\/\/fetrib.com\/web\/wp-content\/uploads\/2025\/02\/MODEL-CALENDARI-ESTAMENTS-2024v3.pdf\">Nou Calendari electoral<\/a><\/li>\n<\/ul>\n\n\n\n<p>&nbsp;20\/02\/2025<\/p>\n\n\n\n<ul class=\"wp-block-list\">\n<li><a href=\"https:\/\/fetrib.com\/web\/wp-content\/uploads\/2025\/02\/04.-Junta-Electoral-Publicacio-Avals-President.pdf\">Resoluci\u00f3 avals president<\/a><\/li>\n<\/ul>\n\n\n\n<p>&nbsp;28\/02\/2025<\/p>\n\n\n\n<ul class=\"wp-block-list\">\n<li><a href=\"https:\/\/fetrib.com\/web\/wp-content\/uploads\/2025\/02\/resol_dr._ratificaci\u0e02_pt._triatl\u0e02_2024-2028-signat__2025-1740647008362__imprimible.pdf\">Ratificaci\u00f3 president<\/a><\/li>\n<\/ul>\n","protected":false},"excerpt":{"rendered":"<p>Documentaci\u00f3 relativa al proc\u00e9s electoral 2024-2028 per a la Federaci\u00f3 de Triatl\u00f3 de les Illes Balears: Reglament electoral Quadre de caracter\u00edstiques Calendari electoral Acta constituci\u00f3 junta electoral 27-12-2024 Convocat\u00f2ria Assemblea General CENSOS Clubs Mallorca Clubs Menorca Clubs Eivissa T\u00e8cnics Mallorca T\u00e8cnics Eivissa Oficials Mallorca Esportistes Mallorca Esportistes Eivissa AVALS Model avals CLUBS Model avals ESPORTISTA\/TECNIC\/OFICIAL &#8230;<\/p>\n","protected":false},"author":1,"featured_media":0,"parent":0,"menu_order":0,"comment_status":"closed","ping_status":"closed","template":"","meta":{"_uag_custom_page_level_css":"","footnotes":""},"class_list":["post-5860","page","type-page","status-publish","hentry"],"uagb_featured_image_src":{"full":false,"thumbnail":false,"medium":false,"medium_large":false,"large":false,"1536x1536":false,"2048x2048":false,"tie-small":false,"tie-large":false,"slider":false},"uagb_author_info":{"display_name":"admin","author_link":"https:\/\/fetrib.com\/web\/author\/admin\/"},"uagb_comment_info":0,"uagb_excerpt":"Documentaci\u00f3 relativa al proc\u00e9s electoral 2024-2028 per a la Federaci\u00f3 de Triatl\u00f3 de les Illes Balears: Reglament electoral Quadre de caracter\u00edstiques Calendari electoral Acta constituci\u00f3 junta electoral 27-12-2024 Convocat\u00f2ria Assemblea General CENSOS Clubs Mallorca Clubs Menorca Clubs Eivissa T\u00e8cnics Mallorca T\u00e8cnics Eivissa Oficials Mallorca Esportistes Mallorca Esportistes Eivissa AVALS Model avals CLUBS Model avals ESPORTISTA\/TECNIC\/OFICIAL&hellip;","_links":{"self":[{"href":"https:\/\/fetrib.com\/web\/wp-json\/wp\/v2\/pages\/5860","targetHints":{"allow":["GET"]}}],"collection":[{"href":"https:\/\/fetrib.com\/web\/wp-json\/wp\/v2\/pages"}],"about":[{"href":"https:\/\/fetrib.com\/web\/wp-json\/wp\/v2\/types\/page"}],"author":[{"embeddable":true,"href":"https:\/\/fetrib.com\/web\/wp-json\/wp\/v2\/users\/1"}],"replies":[{"embeddable":true,"href":"https:\/\/fetrib.com\/web\/wp-json\/wp\/v2\/comments?post=5860"}],"version-history":[{"count":9,"href":"https:\/\/fetrib.com\/web\/wp-json\/wp\/v2\/pages\/5860\/revisions"}],"predecessor-version":[{"id":6331,"href":"https:\/\/fetrib.com\/web\/wp-json\/wp\/v2\/pages\/5860\/revisions\/6331"}],"wp:attachment":[{"href":"https:\/\/fetrib.com\/web\/wp-json\/wp\/v2\/media?parent=5860"}],"curies":[{"name":"wp","href":"https:\/\/api.w.org\/{rel}","templated":true}]}}

<p>Documentació relativa al procés electoral 2024-2028 per a la Federació de Triatló de les Illes Balears:</p>



<ul class="wp-block-list">
<li>
<ul class="wp-block-list">
<li><a href="https://fetrib.com/web/wp-content/uploads/2024/10/Reglament-electoral.pdf">Reglament electoral</a></li>



<li><a href="https://fetrib.com/web/wp-content/uploads/2024/10/Quadre-de-caracteristiques.pdf">Quadre de característiques</a></li>



<li><a href="https://fetrib.com/web/wp-content/uploads/2024/10/Calendari-electoral.pdf">Calendari electoral</a></li>



<li><a href="https://fetrib.com/web/wp-content/uploads/2024/10/01.-Junta-Electoral-Constitucio.pdf">Acta constitució junta electoral</a></li>
</ul>
</li>
</ul>



<p>27-12-2024</p>



<ul class="wp-block-list">
<li><a href="https://fetrib.com/web/wp-content/uploads/2024/12/02.-Convocatoria-Assemblea.pdf">Convocatòria Assemblea General</a></li>
</ul>



<p>CENSOS</p>



<ul class="wp-block-list">
<li><a href="https://fetrib.com/web/wp-content/uploads/2024/11/Cens-Clubs-Mallorca.pdf">Clubs Mallorca</a></li>



<li><a href="https://fetrib.com/web/wp-content/uploads/2024/11/CENS-CLUBS-MENORCA.pdf">Clubs Menorca</a></li>



<li><a href="https://fetrib.com/web/wp-content/uploads/2024/11/CENS-CLUBS-EIVISSA.pdf">Clubs Eivissa</a></li>



<li><a href="https://fetrib.com/web/wp-content/uploads/2024/11/CENS-TECNICS-MALLORCA-sense-DNI.pdf">Tècnics Mallorca</a></li>



<li><a href="https://fetrib.com/web/wp-content/uploads/2024/11/CENS-TECNICS-EIVISSA-sense-DNI.pdf">Tècnics Eivissa</a></li>



<li><a href="https://fetrib.com/web/wp-content/uploads/2024/11/CENS-OFICIALS-MALLORCA.pdf">Oficials Mallorca</a></li>



<li><a href="https://fetrib.com/web/wp-content/uploads/2024/11/CENS-ESPORTISTES-MALLORCA-sense-DNI.pdf">Esportistes Mallorca</a></li>



<li><a href="https://fetrib.com/web/wp-content/uploads/2024/11/CENS-ESPORTISTES-EIVISSA-sense-DNI.pdf">Esportistes Eivissa</a></li>
</ul>



<p>AVALS</p>



<ul class="wp-block-list">
<li><a href="https://fetrib.com/web/wp-content/uploads/2024/12/M.-aval-CLUBS.pdf">Model avals CLUBS</a></li>



<li><a href="https://fetrib.com/web/wp-content/uploads/2024/12/M.-aval-ESPORTISTATECNICOFICIAL.pdf">Model avals ESPORTISTA/TECNIC/OFICIAL</a></li>
</ul>



<p>s&#8217;han d&#8217;enviar els avals a juntaelectoral@fetrib.com, data màxima 10/01/2025</p>



<p>15/01/2025</p>



<ul class="wp-block-list">
<li><a href="https://fetrib.com/web/wp-content/uploads/2025/01/03.-Junta-Electoral-Publicacio-Avals-Provisional.pdf">Candidats provissionals a Assembleistes</a></li>
</ul>



<p>Es pot presentar recurs davant el TEIB en els 3 dies hàbils següents a aquesta publicació</p>



<p>03/02/2025</p>



<ul class="wp-block-list">
<li><a href="https://fetrib.com/web/wp-content/uploads/2025/02/ACTA-DE-LA-JUNTA-20250127.pdf">Acta de modificació del calendari electoral</a></li>



<li><a href="https://fetrib.com/web/wp-content/uploads/2025/02/MODEL-CALENDARI-ESTAMENTS-2024v3.pdf">Nou Calendari electoral</a></li>
</ul>



<p>&nbsp;20/02/2025</p>



<ul class="wp-block-list">
<li><a href="https://fetrib.com/web/wp-content/uploads/2025/02/04.-Junta-Electoral-Publicacio-Avals-President.pdf">Resolució avals president</a></li>
</ul>



<p>&nbsp;28/02/2025</p>



<ul class="wp-block-list">
<li><a href="https://fetrib.com/web/wp-content/uploads/2025/02/resol_dr._ratificaciข_pt._triatlข_2024-2028-signat__2025-1740647008362__imprimible.pdf">Ratificació president</a></li>
</ul>

<p>Documentació relativa al procés electoral 2024-2028 per a la Federació de Triatló de les Illes Balears: Reglament electoral Quadre de característiques Calendari electoral Acta constitució junta electoral 27-12-2024 Convocatòria Assemblea General CENSOS Clubs Mallorca Clubs Menorca Clubs Eivissa Tècnics Mallorca Tècnics Eivissa Oficials Mallorca Esportistes Mallorca Esportistes Eivissa AVALS Model avals CLUBS Model avals ESPORTISTA/TECNIC/OFICIAL &#8230;</p>

Documentació relativa al procés electoral 2024-2028 per a la Federació de Triatló de les Illes Balears: Reglament electoral Quadre de característiques Calendari electoral Acta constitució junta electoral 27-12-2024 Convocatòria Assemblea General CENSOS Clubs Mallorca Clubs Menorca Clubs Eivissa Tècnics Mallorca Tècnics Eivissa Oficials Mallorca Esportistes Mallorca Esportistes Eivissa AVALS Model avals CLUBS Model avals ESPORTISTA/TECNIC/OFICIAL&hellip;
